-3*x - 10. What is the remainder when 9 is divided by 40/12*(-3)/x?
4
Let i(q) be the third derivative of -q**6/120 + 3*q**5/20 - q**4/4 - q**3/3 - 6*q**2. What is the remainder when i(8) is divided by 4?
2
Let c = -23 - -27. Calculate the remainder when 15 is divided by c.
3
Let r = -15 - -31. What is the remainder when 45 is divided by r?
13
Let n(h) = h**3 - 3*h**2 - 4. Let w be n(4). Let z = -7 + w. Suppose -z*f + 19 + 16 = 0. What is the remainder when f is divided by 5?
2
What is the remainder when 47 is divided by 3/(-21) + (-72)/(-14)?
2
Suppose -11 + 3 = 2*x. Let t be (-5 + 9)/(1/(-2)). What is the remainder when 12 is divided by t/x*7/2?
5
Let h(b) = -30*b**3 + 2*b**2 + 2*b + 1. What is the remainder when h(-1) is divided by 11?
9
Let c = 46 - 30. Let o be 4/(-6) + (-28)/(-6). Suppose 0*n + 6 = f - n, 6 = f - o*n. Calculate the remainder when c is divided by f.
4
Let h = -6 - -7. Suppose 0 = 4*v + h + 3. What is the remainder when 18 is divided by v/3 - 62/(-6)?
8
Let q(s) = 5*s. Let i be q(2). Suppose -5*p + a + 12 = 2, 5*p - i = -2*a. Suppose p*o - 42 + 10 = 0. What is the remainder when o is divided by 9?
7
Suppose 3*t + 91 = 2*c - 0*t, -3*c - 3*t = -114. What is the remainder when 160 is divided by c?
37
What is the remainder when 8 is divided by -2*(-5 + 3) + 1?
3
Calculate the remainder when (-579)/(-15) + 5*2/25 is divided by 10.
9
Let a(s) = s**3 - 8*s**2 - 3*s + 6. Let g be a(10). Suppose -r - d = d - 48, 4*r - g = -4*d. Calculate the remainder when r is divided by 21.
19
Suppose 0 = -3*r + 45 + 3. Calculate the remainder when 30 is divided by r.
14
Suppose -52 = 4*h - 476. What is the remainder when h is divided by 9?
7
Suppose 120 = g + 3*g. Let p(z) = 2*z + 2. Calculate the remainder when g is divided by p(3).
6
Calculate the remainder when 42 is divided by 3 + 10 - (1 + -3).
12
Let h = 8 - 2. Calculate the remainder when 19 is divided by (3/h)/(3/42).
5
Let r = 47 + 39. Suppose -4*u + b + r = 0, -u - 4*b + 96 = 3*u. Calculate the remainder when 41 is divided by u.
19
Let i(t) = t**3 - 2*t**2 - 3*t - 1. Let s be i(3). Let k(m) = -6*m - 1. Calculate the remainder when 14 is divided by k(s).
4
Suppose -a + 40 = 3*k - 6*a, 2*a = -k + 28. Calculate the remainder when (-3)/5 - (-576)/10 is divided by k.
17
Let t = 4 + 19. Calculate the remainder when t is divided by 13.
10
Suppose 4*u = 9*u - 20. What is the remainder when u is divided by 3?
1
Let a(m) = 2*m**3 - 2*m**2 + 2*m + 5. What is the remainder when a(3) is divided by 25?
22
Let h(t) = -2*t - 2*t - 6 - t**2 + 0*t**3 - 5*t**2 + t**3. What is the remainder when h(7) is divided by 2*8/6*3?
7
Let v be (-66)/(-18) + (-6)/9. Let p(r) = 2*r**2 + 4 + 2*r**2 + r**3 - 6*r**2 + r. What is the remainder when p(v) is divided by 6?
4
Let t be (-2)/(-6) + (-35)/(-21). Suppose -5*w - 43 + 8 = -t*k, -k + 10 = -5*w. Calculate the remainder when 73 is divided by k.
23
Suppose -2 - 3 = 5*b. What is the remainder when ((-5)/(-3))/(2/6) is divided by 6 + (-4 - (1 + b))?
1
Let n(g) = g**2 - g + 5. Let r = -137 + 144. What is the remainder when n(-4) is divided by r?
4
Let r(f) = 8*f - 9. What is the remainder when 66 is divided by r(4)?
20
Suppose -7*l = -3*l - 12. Suppose 3*f = -5*s + 29, -9 = 2*f - l*f - s. Calculate the remainder when f is divided by 5.
3
Let o(x) = x**2 + x - 1. Suppose 0 = -t - 2*m + 4, 3*t - 2 = -2*m - 6. Calculate the remainder when 32 is divided by o(t).
10
Let h(b) = 4*b**2 + 3*b - 1. Let v(s) = -s**3 - 5*s**2 + 2*s - 3. Calculate the remainder when v(-6) is divided by h(1).
3
Let b(h) = h**3 - 11*h**2 + 10*h + 2. Let i be b(10). Suppose -4*z + 6 = -2*z. What is the remainder when i/2*(4 + 1) is divided by z?
2
Let f be (50/30)/((-1)/(-3)). Suppose -13 - 13 = -4*x - 2*o, x - f = -o. Calculate the remainder when 22 is divided by x.
6
Let j = -19 + 61. Let n = -16 + j. Let l(f) = f + 19. What is the remainder when n is divided by l(-10)?
8
Let k(s) = s**2 - 8*s - 1. Suppose -2*d + 2 - 8 = 0, -j + 5*d = -25. What is the remainder when 37 is divided by k(j)?
18
Let s = 9 + -22. Let f(q) = -3*q - 2. Calculate the remainder when f(s) is divided by 13.
11
Let g = -58 - -104. Let s(b) be the first derivative of -2*b**2 - 20*b + 8. Calculate the remainder when g is divided by s(-8).
10
Let h(i) = -3 + i**2 + 5*i - 4*i + 4. What is the remainder when 25 is divided by h(3)?
12
Calculate the remainder when 53 is divided by (-4 - 35/15)*-3.
15
Let y(u) = u + 6. Let w be y(-5). Calculate the remainder when 4 is divided by 6 + -2 + w - 1.
0
Suppose -3*g + 0*g = -27. Let c(s) = s**2 - 14*s - 27. Calculate the remainder when g is divided by c(16).
4
Let v(x) = 1 + 13*x**2 + 0 - 2 + x. Suppose 0 = -9*b + 18 + 27. Calculate the remainder when v(1) is divided by b.
3
Let q(j) = -98*j - 17. Calculate the remainder when q(-2) is divided by 18.
17
Suppose 16*g - 20*g + 344 = 0. Calculate the remainder when g is divided by 176/6 + (-3)/9.
28
Suppose -4*x + 4*p + 23 + 17 = 0, -5*x + p + 62 = 0. What is the remainder when 24 is divided by x?
11
Let w(c) = c**2 - 4*c. Suppose x + x = -10. What is the remainder when w(x) is divided by 16?
13
Suppose -c - 4 = 2*k - 38, -4*c + 5*k = -71. Calculate the remainder when c is divided by 9.
6
Let x = -18 - -21. Calculate the remainder when 6 is divided by x.
0
Let b(d) = 4*d - 8. Suppose 40 = 4*c + 4*k, c - k = -1 + 3. Calculate the remainder when b(c) is divided by 6.
4
Calculate the remainder when 58 is divided by -5*2*15/(-10).
13
Let p be (-1 + 16/6)*3. Suppose 20 = p*r, 4*r - 4 = -s + 30. Let b = -116 + 168. What is the remainder when b is divided by s?
16
Suppose -2*a + 28 = 4*x, 0 = 5*a - 4*x + 2*x - 10. Suppose -3*d = -2*t + 74, -a*t - 2*d + 30 = -86. Calculate the remainder when t is divided by 11.
9
Suppose 2*k - 355 = -3*k - 5*n, 2*k = 3*n + 132. What is the remainder when k is divided by 36?
33
Suppose 2*a = 15 + 1. Let u = 3 + -6. Let y(t) = -t**3 + 2*t + 2. What is the remainder when y(u) is divided by a?
7
Let g(m) = -2 + m**2 + 60*m**3 + 2. Let y(o) = o**3 + 1. Let t be y(0). Calculate the remainder when g(t) is divided by 21.
19
Suppose 5*p + 35 - 105 = 0. Calculate the remainder when 53 is divided by p.
11
Suppose 37*g + 28 = 44*g. Let f(c) = c**2 - 1. What is the remainder when f(-4) is divided by g?
3
Suppose 109*m = 108*m + 33. Calculate the remainder when 98 is divided by m.
32
Let p(n) = -n**3 - 3*n**2 - 4*n + 5. Let o = -29 + 51. Suppose -o = -2*a + 4. Calculate the remainder when p(-4) is divided by a.
11
Calculate the remainder when 73 is divided by (-5)/((4/4)/(-3)).
13
Let j = -4 - -2. What is the remainder when 11 is divided by ((j - -3) + -2)*-4?
3
Let n be (-6 + 3 + 13)/(-1). Let d = -6 - n. Calculate the remainder when 17 is divided by d.
1
Let r(m) = -10*m**3. Let g(k) = -3*k**3 + 2*k**2 + 3*k + 2. Calculate the remainder when g(-2) is divided by r(-1).
8
Suppose -4*f + 85 = -111. Let m(n) = -2*n**2 - 35*n + 28. Calculate the remainder when f is divided by m(-18).
9
Suppose 5*m = -3*z + 7*z + 32, -3*z = -4*m + 26. What is the remainder when 45 is divided by m?
5
Suppose -4*w + 34 = -2*w. Suppose 0 = -l - 4*l + 2*b + 20, 2*l = -b + w. Let s(m) = 2*m**2 - 2*m - 7. Calculate the remainder when s(4) is divided by l.
5
Suppose 0*j = -j + 25. Calculate the remainder when j is divided by 7.
4
Let u(v) = -v**3 - 11*v**2 - 9*v + 19. What is the remainder when 24 is divided by u(-10)?
6
Let c(l) = -l + 4. Let w be c(4). Suppose 5*k + 5*x - 305 = w, -73 = -2*k + x + 37. Calculate the remainder when k is divided by 20.
17
Suppose 0 = 4*q - 222 + 2. What is the remainder when q is divided by 7?
6
Let h(p) = -7*p**3 - 2*p**2 + 1. Let r be h(-1). Suppose -3*b + 3*n = -r - 36, -n = -5. Calculate the remainder when 36 is divided by b.
17
Suppose 0*r - r = -3. Suppose -3*a - 17 = -4*h, r*h + 5*a = 5 - 14. Suppose h*n - 3*n = -39. What is the remainder when n is divided by 10?
9
Let p(j) = j**3 - 3*j**2 - 4*j + 2. Let z be p(4). Let h(l) = z*l**3 - 4*l**2 - 10 + 6 - l**2 + 3*l. Calculate the remainder when 25 is divided by h(3).
11
Let i = 64 - 41. Suppose 3*p + p - 24 = 0. What is the remainder when i is divided by p?
5
Let m be (-4)/(-14) + (-192)/(-14). Let b = m + 17. Suppose -32 = k - 3*k. What is the remainder when b is divide